 4 + -4d?
-49
In base 14, what is -24 + 8?
-1a
In base 15, what is -b1 + 5?
-ab
In base 9, what is 2 - 12?
-10
In base 7, what is -35 + -36?
-104
In base 13, what is 2 - -9?
b
In base 12, what is 4 + -7?
-3
In base 14, what is -2 + -16?
-18
In base 5, what is 13222 - 0?
13222
In base 4, what is 1112232 + 11?
1112303
In base 2, what is 10001 + -1110001101?
-1101111100
In base 15, what is 24e8 + 0?
24e8
In base 4, what is 0 + -3?
-3
In base 7, what is -1 + -230?
-231
In base 9, what is 21 - 852?
-831
In base 12, what is 27 + -3?
24
In base 2, what is 100 + 111101?
1000001
In base 5, what is 2 - 100033?
-100031
In base 6, what is 1250 - -104?
1354
In base 11, what is -a - -51?
42
In base 12, what is -84 + 42?
-42
In base 13, what is 3 - -649?
64c
In base 11, what is -2 + 1063?
1061
In base 16, what is 6 + -17?
-11
In base 13, what is 13c + 13?
152
In base 10, what is 5 + -142?
-137
In base 16, what is d2 + -1?
d1
In base 12, what is 0 + 18a?
18a
In base 11, what is 2a87 - -2?
2a89
In base 10, what is 1841 - -4?
1845
In base 2, what is -110011 + 111?
-101100
In base 11, what is -45 - 14a?
-194
In base 6, what is -25 - 215?
-244
In base 10, what is -3 + -1?
-4
In base 9, what is -2 - 70?
-72
In base 3, what is -111 + -2?
-120
In base 16, what is -180 - 0?
-180
In base 6, what is -54141 - -3?
-54134
In base 5, what is -32 - -13?
-14
In base 2, what is 11 + -10010101?
-10010010
In base 2, what is -100101011 + 10?
-100101001
In base 2, what is 110 - -100100?
101010
In base 2, what is -101000111100111 - 0?
-101000111100111
In base 6, what is 2 + -502?
-500
In base 2, what is 100010010 + -11?
100001111
In base 8, what is 0 + 44?
44
In base 13, what is -4 - -468?
464
In base 10, what is -6 + 284?
278
In base 8, what is -37 + -1?
-40
In base 6, what is 4 + 12?
20
In base 9, what is 5 - -177?
183
In base 12, what is 114 + -1?
113
In base 11, what is 143 - 4?
13a
In base 3, what is -101 - -202?
101
In base 10, what is -4 - 240?
-244
In base 16, what is 4 - 34?
-30
In base 16, what is 20 - -3?
23
In base 7, what is -23 + -623?
-646
In base 11, what is a + 11?
20
In base 5, what is -1 - -3143?
3142
In base 12, what is -868 + 0?
-868
In base 4, what is -20100 - 2?
-20102
In base 14, what is 48 - -20?
68
In base 5, what is 10032 - -10?
10042
In base 2, what is 10011001100 + 10?
10011001110
In base 10, what is -157 - -4?
-153
In base 4, what is 11 + -310320?
-310303
In base 4, what is 312 + -213?
33
In base 11, what is -22713 - 5?
-22718
In base 8, what is -152 - -3?
-147
In base 7, what is -25 - 133?
-161
In base 4, what is 1 - 101?
-100
In base 12, what is 11 + -16?
-5
In base 8, what is 4 - 3467?
-3463
In base 7, what is -11 - -22?
11
In base 6, what is -21230 + 5?
-21221
In base 8, what is -13 - -6?
-5
In base 8, what is -63 - -153?
70
In base 16, what is -17 + -25?
-3c
In base 10, what is -4 - -830?
826
In base 6, what is 5 + -1023?
-1014
In base 4, what is 211 - 1002?
-131
In base 11, what is 2 + 107?
109
In base 3, what is 22 + 220100?
220122
In base 9, what is 4 - -8?
13
In base 8, what is -12 + -105?
-117
In base 16, what is f6 + -5?
f1
In base 11, what is 45 - 211?
-177
In base 12, what is 3 - -1297?
129a
In base 8, what is -65 + -5?
-72
In base 11, what is -1a + 2?
-18
In base 10, what is 70 - -2?
72
In base 2, what is 11100 + 111100?
1011000
In base 16, what is 0 - -75?
75
In base 11, what is -6 + -100?
-106
In base 6, what is 255 + 1?
300
In base 14, what is b + -12?
-5
In base 2, what is -100101011110 - 10?
-100101100000
In base 15, what is -118 - 0?
-118
In base 9, what is -2130 - 0?
-2130
In base 5, what is -2 - 204?
-211
In base 13, what is -1 + -167?
-168
In base 12, what is -6 + -149?
-153
In base 8, what is -4 - -5?
1
In base 14, what is 14b2 - 3?
14ad
In base 6, what is 1 - 3433?
-3432
In base 12, what is 4 - 187?
-183
In base 7, what is 21 + -61?
-40
In base 13, what is -5 + -7?
-c
In base 10, what is 12 + 97?
109
In base 16, what is -94c + 6?
-946
In base 9, what is -12 + 31?
18
In base 9, what is -4 + -275?
-280
In base 13, what is 35b - 7?
354
In base 15, what is 4 + 30?
34
In base 9, what is -7626 - -2?
-7624
In base 7, what is 6 + -152?
-143
In base 6, what is -30 - 3?
-33
In base 6, what is 133020 + -5?
133011
In base 14, what is -31d + 0?
-31d
In base 9, what is 5 - -1507?
1513
In base 12, what is -4 - -ba?
b6
In base 6, what is -23 + -12?
-35
In base 13, what is 130 - -3?
133
In base 13, what is -7 - 29?
-33
In base 13, what is 3 + -189?
-186
In base 3, what is -1011 - 22000?
-100011
In base 9, what is -3 + -23?
-26
In base 9, what is 144 + -24?
120
In base 13, what is -10 + -5?
-15
In base 3, what is 202121102 + -10?
202121022
In base 15, what is -2 - 6?
-8
In base 7, what is 12 - 20?
-5
In base 6, what is -33 - 1150?
-1223
In base 3, what is 1 - -10?
11
In base 8, what is -6 + 1051?
1043
In base 5, what is 4 - 100104?
-100100
In base 2, what is 101100110001 - 1101?
101100100100
In base 15, what is 3a + 11e?
159
In base 3, what is 122200 - -11?
122211
In base 13, what is 1 - -27b?
27c
In base 6, what is -2250 - -34?
-2212
In base 13, what is 44 + 1?
45
In base 9, what is 27 + 3?
31
In base 2, what is -11 - -110?
11
In base 10, what is 3 - -4235?
4238
In base 8, what is 2275 - -7?
2304
In base 14, what is -7 + -6?
-d
In base 11, what is 53 - -1?
54
In base 3, what is -110220 + 10?
-110210
In base 7, what is -5 + 2350?
2342
In base 16, what is 5 - -16b?
170
In base 14, what is 460 + 2?
462
In base 6, what is -1 - 204?
-205
In base 7, what is 3 + 633?
636
In base 12, what is -4 - -2?
-2
In base 6, what is -3 + 2352?
2345
In base 11, what is -6 + 136?
130
In base 14, what is -3 - 3?
-6
In base 3, what is -122 - 2?
-201
In base 15, what is -8a6 - -2?
-8a4
In base 3, what is -220 - 21?
-1011
In base 15, what is 5a0 + 2?
5a2
In base 10, what is -12 + 10?
-2
In base 14, what is -4 - -99?
95
In base 11, what is a + 29?
38
In base 13, what is -4 + 1a2?
19b
In base 4, what is 31331 - -1?
31332
In base 10, what is 157 + 2?
159
In base 8, what is 2466 - -5?
2473
In base 13, what is a8 + -5?
a3
In base 4, what is 120332 - -3?
121001
In base 3, what is -22212 - -1021?
-21121
In base 4, what is 3002 - -1?
3003
In base 13, what is -3 - -c9?
c6
In base 2, what is -10011110 + -1?
-10011111
In base 3, what is -10 - -2002?
1222
In base 9, what is 5 + 2001?
2006
In base 16, what is -3 - 4a?
-4d
In base 3, what is -21220 - 10?
-22000
In base 12, what is 272 - -8?
27a
In base 8, what is -3 + 1?
-2
In base 14, what is -5 + -188?
-18d
In base 11, what is -256 - -12?
-244
In base 13, what is -1 - -162?
161
In base 4, what is 3 + 101100?
101103
In base 2, what is 100011011 - -101?
100100000
In base 3, what is -2000 - -2?
-1221
In base 12, what is -562 + -2?
-564
In base 14, what is 2061 + -4?
205b
In base 2, what is 11 + -10000000011?
-10000000000
In base 11, what is 19 + 3?
21
In base 15, what is 202 - 5?
1ec
In base 10, what is 3 + -19?
-16
In base 10, what is 3 - -109?
112
In base 15, what is 54 + 10?
64
In base 4, what is -1013 + -23?
-1102
In base 8, what is 12264 - 4?
12260
In base 6, what is 135421 - 4?
135413
In base 4, what is -111330 - -2?
-111322
In base 13, what is 2 + -10?
-b
In base 4, what is 11 + -2021?
-2010
In base 8, what is 117 + -32?
65
In base 2, what is -10001100 - 101?
-10010001
In base 11, what is 2733 + -2?
2731
In base 5, what is 30131 + -4?
30122
In base 9, what is 0 - 44?
-44
In base 3, what is -11010 - 1?
-11011
In base 14, what is 3 - 15?
-12
In base 6, what is 2 + -452?
-450
In base 15, what is 2 - -87?
89
In base 14, what is -328 + 0?
-328
In base 10, what is -34 + -3?
-37
In base 10, what is -2 - 89?
-91
In base 15, what is 568 + 1?
569
In base 9, what is -5 - -1805?
1800
In base 10, what is 79 + -48?
31
In base 13, what is -1a4 - 5?
-1a9
In base 11, what is 4 - 815?
-811
In base 14, what is d + 10?
1d
In base 3, what is 210 + 12?
222
In base 16, what is 1 - -24ff?
2500
In base 10, what is 2 + -393?
-391
In base 7, what is -6 - -11135?
11126
In base 3, what is -111000001 + -1?
-111000002
In base 4, what is -10 + 3310?
3300
In base 9, what is -25 + 206?
171
In base 6, what is -3 - 1312?
-1315
In base 7, what is 26 + 53?
112
In base 13, what is -16 + 331?
318
In base 8, what is 32 - -22?
54
In base 14, what is -5 - a88?
-a